 + 85*n. List the prime factors of n.
2, 3
Let u = -70025 - -101853. List the prime factors of u.
2, 73, 109
Suppose 4*y - 1355 - 225 = -3*z, 0 = 4*z + 16. Suppose y + 322 = 10*q. Let t = q - 28. What are the prime factors of t?
2, 11
Suppose -278*y = -273*y - 4*z - 67066, -5*y - 5*z + 67120 = 0. What are the prime factors of y?
2, 6709
Suppose 12*h - 9 = 9*h. Suppose -h*o = -5*m + m + 33, 4*o + 16 = 3*m. What are the prime factors of (-109)/2*m/(-6)?
109
Let w be (-12)/(-24)*(9 + -3). Suppose -931 - 1589 = -w*j. List the prime factors of j.
2, 3, 5, 7
Let w = 1 + 15. Let v(u) be the first derivative of -u**4/4 + 17*u**3/3 - 13*u**2/2 + 30*u + 7. What are the prime factors of v(w)?
2, 3, 13
Let g(y) = 3*y**3 + 8*y**2 - 13*y - 6. Let b(t) = 3*t**3 + 8*t**2 - 13*t - 5. Let q(x) = 6*b(x) - 5*g(x). List the prime factors of q(5).
2, 3, 5, 17
Let d be (-1 + 5)*(2 - 3). Let h(o) = 13*o**2 + 3*o. Let b be h(d). Suppose -3*p - 2*k = -b, 4*k = -2 + 22. List the prime factors of p.
2, 31
Let a = 687 + 282. What are the prime factors of a?
3, 17, 19
Suppose s - 112378 + 34119 = -4*a, 0 = 4*a - s - 78245. What are the prime factors of a?
3, 6521
Let k = 9325 - 5237. Suppose -12*s - k = -16*s. What are the prime factors of s?
2, 7, 73
Suppose 36*i = 37*i + 2*w - 4741, 0 = 3*i - 3*w - 14250. List the prime factors of i.
47, 101
Suppose -3*i - 467 = -1373. Suppose 0 = 5*s - 5*p - 2210, 5*s - p = -3*p + 2203. Suppose -4*h = -h - 5*c - i, s = 4*h + c. What are the prime factors of h?
109
Let m = -43 - -41. Let s be 1/2*m - (-7 + 2). Suppose 0 = -4*l + 20, -2*l - 468 + 122 = -s*w. List the prime factors of w.
89
Let y = 44004 - 22517. What are the prime factors of y?
21487
Suppose -9*q + 12*q - 2*c = 111, -2*c = 3*q - 123. Let y = q - -4. List the prime factors of y.
43
Let a be (-88)/16 - (-1)/2. Let z be a + 4/(-12)*-9. Let s(u) = -17*u**3 - 3*u**2 + 2*u + 4. What are the prime factors of s(z)?
2, 31
Let s(w) = 4259*w - 27. List the prime factors of s(3).
2, 3, 5, 17
Suppose 4*w = -2*h + 2*w + 8492, 3*w = -2*h + 8487. What are the prime factors of h?
3, 13, 109
Let x = 11 - -75. Let y = -84 + x. Suppose -7*t + 725 = -y*t. List the prime factors of t.
5, 29
Let c(h) = 33*h + 46. Let o be ((-25)/15*2)/((-2)/6). List the prime factors of c(o).
2, 47
Let l be (-3 + 4)*(-4)/(-2). Suppose -4*a + l*a - 5*p + 341 = 0, -3 = p. What are the prime factors of a?
2, 89
Let h = -195119 + 280611. What are the prime factors of h?
2, 11, 29, 67
Suppose 347*z = 1675721 + 10056002. List the prime factors of z.
33809
Let l = 22934 + -13998. What are the prime factors of l?
2, 1117
Let r = -636 + 460. List the prime factors of 1960/11 - (-32)/r.
2, 89
Let x(u) = 11*u + 6. Let m(z) = -11*z - 7. Let a(k) = 5*m(k) + 6*x(k). Let y be a(2). Suppose 5*r = 222 + y. What are the prime factors of r?
7
Let x = -8353 - -30204. What are the prime factors of x?
21851
Let l(z) = z**2 + 3*z - 14. Let o be l(-6). Let n be 2*o/10 - (-6)/5. Suppose -n = -2*d + 62. What are the prime factors of d?
2
Let m(x) = -x**2 + 14*x - 10. Let l be m(13). Let f = l - 3. Suppose 156 = -f*z + 3*z. List the prime factors of z.
2, 13
Let y = -3532 + 5768. What are the prime factors of y?
2, 13, 43
Let a(p) be the first derivative of 23*p**2/2 + 28*p - 4. Let b be a(10). Let m = -121 + b. List the prime factors of m.
137
Let j(v) = v**3 + 8*v**2 - 8*v - 10. Let b be j(-9). Let z = 21 + b. Suppose 0 = -z*i + 58 + 84. What are the prime factors of i?
71
What are the prime factors of 6207/4 + (-6)/9*6/(-16)?
2, 97
Let w(c) = -954*c**3 + 9*c**2 + 11*c. List the prime factors of w(-2).
2, 3823
Let u = -21269 + 40989. List the prime factors of u.
2, 5, 17, 29
Let l = 405 + -54. Suppose 6*y = -l + 2703. What are the prime factors of y?
2, 7
Let r(p) = -745*p**3 + 2*p + 1. Let v be r(-1). Let m(y) = 120*y + 609. Let q be m(-5). Suppose q*l - 1263 - v = 0. List the prime factors of l.
223
Let v = -4752 - -21366. List the prime factors of v.
2, 3, 13, 71
Let a(c) = -c**2 + 35*c + 22. Let z be a(33). List the prime factors of 3/33 - (-39768)/z.
2, 113
Let h = -9245 - -21570. List the prime factors of h.
5, 17, 29
Suppose -r - 3*z = -25, -z = -6*r + 2*r + 35. Suppose 0 = 9*t - r*t + 5. Suppose 0 = -x - 1, -t*w + 254 = -x - 107. List the prime factors of w.
2, 3
Let q be (-1 - -3 - 3) + 1877. Let u = q - 1016. What are the prime factors of u?
2, 5, 43
Let r = 64472 + -24781. List the prime factors of r.
19, 2089
Let u(p) = p**3 - 17*p**2 - 18*p + 40. Let o be u(18). Suppose 2*s - 55 = -4*g + 25, o = 2*g - s. Suppose g*c - 1818 = 11*c. What are the prime factors of c?
2, 101
Let u = 15158 + -7536. What are the prime factors of u?
2, 37, 103
Suppose 4*v = d - 4700, -5*v + 18848 = 4*d - 9*v. Suppose 5*l - 7848 = -2*i, 2*l - 3*i + d = 5*l. What are the prime factors of l?
2, 7
Let b(q) = -q - 7. Let l be b(-6). Let w(j) = 66*j**2 - 2*j - 2. Let h be w(l). Suppose u - 51 = h. What are the prime factors of u?
3, 13
Let q(p) = -10*p**2 - 262*p - 182. What are the prime factors of q(-15)?
2, 7, 107
Let w(o) = 22522*o + 662. What are the prime factors of w(1)?
2, 3, 7, 23
Suppose 0 = -4*c - 5*d + 5 + 6, -d = -4*c + 17. Suppose 70 = c*i + 62. Suppose -4*m = -4*s - 188, -26 + 122 = i*m - s. What are the prime factors of m?
7
Let k = -17 + -108. Let f = k - -138. List the prime factors of f.
13
Let r = 98629 + -66246. What are the prime factors of r?
13, 47, 53
Let q(f) = f**3 + 7*f**2 + 7*f + 4525. What are the prime factors of q(0)?
5, 181
Let x(i) be the first derivative of i**3/3 + 9*i**2/2 + 40*i - 84. What are the prime factors of x(-14)?
2, 5, 11
List the prime factors of 3*4385*((-168)/(-140) + 6/(-10)).
3, 877
Let r(c) = 2*c**2 + 2*c + 5. Let t be r(-6). Let n = t - 55. Suppose -z = -n*z + 1170. List the prime factors of z.
2, 5, 13
Let y(u) = -4*u + 10. Let f be y(6). Let l = 6 + f. List the prime factors of 9/(-2 - 22/l).
2, 3
Suppose 176 = 7*w - 1098. Suppose 3*d - 4*x - 233 = -2*d, 4*d - x = w. Let s = d - -84. What are the prime factors of s?
3, 43
Let g(x) = -x**3 + 21*x**2 + 24*x - 41. Let v be g(22). List the prime factors of -12*10/90 + 1621/v.
7, 11
Let v = 59 - 44. Suppose 0 = t - 2*t - 5*z - v, 5*t - 3*z = 9. Suppose t = 2*l - 3*h - 103, 0 = -3*l - 2*h + 146 + 15. List the prime factors of l.
53
Let a = -224 - -224. Let f(h) = 2*h + 203. List the prime factors of f(a).
7, 29
Suppose -61 + 34 = -l. Let c be (-270)/((-6)/l*3). Let f = -153 + c. What are the prime factors of f?
2, 3, 7
Let a(b) = 2*b**3 - 47*b**2 - 9*b + 91. Let g be 27 - (-5 - -6) - (-1)/(-1). List the prime factors of a(g).
1741
Let a = -33058 + 89740. List the prime factors of a.
2, 3, 47, 67
Let g be ((-12)/(-32)*12/(-9))/((-9)/(-18)). Let i(m) = 3*m + 3*m**2 + 1 - 54*m**3 + 0*m + 0. What are the prime factors of i(g)?
5, 11
Suppose -238987 - 1781 = -48*b. List the prime factors of b.
2, 3, 11, 19
Let b(o) = 5*o**2 + 258*o + 1184. What are the prime factors of b(-71)?
7, 1153
Let x(t) = 157*t**3 + 13*t**2 - 10*t + 74. What are the prime factors of x(4)?
2, 3, 5, 7
Suppose 4*m + 0*l - 35 = -l, -5*l + 31 = 2*m. Let o = 6 + m. List the prime factors of 516/5 - o/70.
103
List the prime factors of -1*604/8*(-1060)/10.
53, 151
Let f be (-130 + 137)*-3*(-4)/6. Suppose -f*r + 5137 = -1527. List the prime factors of r.
2, 7, 17
Suppose 0*b = 4*b - 2*i - 80, -92 = -4*b - i. Let o(y) = 2*y**2 + b - 18*y - 3*y**2 - 10*y + 9*y. List the prime factors of o(-14).
2, 23
Let a(p) = p**2 + 3*p + 7. Let m be a(0). Suppose 20 = 2*s - m*s. List the prime factors of ((2/(-4))/(s/904))/1.
113
Let q(x) = 222*x**3 + 20*x - 18. What are the prime factors of q(1)?
2, 7
Let c = 8582 + 5402. List the prime factors of c.
2, 19, 23
Suppose 2*s - 33*q - 6636 = -29*q, 0 = -s + 4*q + 3326. Let r = s - 1665. What are the prime factors of r?
5, 7, 47
Suppose -5*n + 2*o = -8*n + 1, -4*n - 2*o = -2. Let f be -2 - ((2 - 81)/n)/1. Suppose 0 = r + 4*a - f, 0*r = 2*r + 2*a - 166. List the prime factors of r.
5, 17
Let u(t) = 6*t**2 + t - 8. Let v = 145 + -40. Let j be (-14)/v - (-146)/(-30). List the prime factors of u(j).
137
Suppose -50 = -5*d + 5*k, 3*d - 1 = -5*k - 3. Suppose 0 = d*s - 199 - 143. Let u = 227 - s. List the prime factors of u.
2, 5, 17
Let r(j) = 2 + 134*j**2 + 0 - 50